{"id":14470,"date":"2022-12-13T17:42:03","date_gmt":"2022-12-13T16:42:03","guid":{"rendered":"https:\/\/www.covalence.ch\/?page_id=14470"},"modified":"2024-01-16T17:39:50","modified_gmt":"2024-01-16T16:39:50","slug":"criteres","status":"publish","type":"page","link":"https:\/\/www.covalence.ch\/index.php\/fr\/approche\/criteres\/","title":{"rendered":"Crit\u00e8res"},"content":{"rendered":"<div class=\"wpb-content-wrapper\">[vc_row][vc_column][vc_column_text]\n<p style=\"text-align: justify;\"><img loading=\"lazy\" decoding=\"async\" class=\"alignright wp-image-15131\" src=\"https:\/\/www.covalence.ch\/wp-content\/uploads\/2024\/01\/CriteriaBox11-300x258.png\" alt=\"\" width=\"400\" height=\"344\" srcset=\"https:\/\/www.covalence.ch\/wp-content\/uploads\/2024\/01\/CriteriaBox11-300x258.png 300w, https:\/\/www.covalence.ch\/wp-content\/uploads\/2024\/01\/CriteriaBox11-1024x881.png 1024w, https:\/\/www.covalence.ch\/wp-content\/uploads\/2024\/01\/CriteriaBox11-768x661.png 768w, https:\/\/www.covalence.ch\/wp-content\/uploads\/2024\/01\/CriteriaBox11-1536x1322.png 1536w, https:\/\/www.covalence.ch\/wp-content\/uploads\/2024\/01\/CriteriaBox11.png 1752w\" sizes=\"auto, (max-width: 400px) 100vw, 400px\" \/>Covalence utilise en premier lieu 50 crit\u00e8res inspir\u00e9s des lignes directrices pour le reporting d\u00e9veloppement durable de la Global Reporting Initiative.<\/p>\n<p>Ces crit\u00e8res permettent de classifier le contenu narratif collect\u00e9 gr\u00e2ce \u00e0 notre syst\u00e8me de recherche semi-automatis\u00e9.<\/p>\n<p style=\"text-align: justify;\">Les donn\u00e9es sont ensuite recod\u00e9es \u00e0 l\u2019aide de centaines de th\u00e8mes et sous-th\u00e8mes et sont classifi\u00e9es selon 11 dimensions et 3 cat\u00e9gories\u00a0:\u00a0 Environnement, Social, Gouvernance.<\/p>\n<p style=\"text-align: justify;\">Les donn\u00e9es sont \u00e9galement classifi\u00e9es selon les 17 Objectifs de d\u00e9veloppement durable (ODD) pour permettre l\u2019\u00e9tablissement d\u2019un mapping des entreprises avec les ODD, pour fournir du mat\u00e9riel utile aux analyses d\u2019impact et pour servir la conception et la mise en \u0153uvre de strat\u00e9gies d\u2019investissement th\u00e9matique ;\u00a0 ainsi qu&#8217;avec SASB materiality map, UN Global Compact Principles et SFDR Principal adverse impacts.<\/p>\n[\/vc_column_text][\/vc_column][\/vc_row]\n<\/div>","protected":false},"excerpt":{"rendered":"<p>[vc_row][vc_column][vc_column_text] Covalence utilise en premier lieu 50 crit\u00e8res inspir\u00e9s des lignes directrices pour le reporting d\u00e9veloppement durable de la Global Reporting Initiative. Ces crit\u00e8res permettent de classifier le contenu narratif collect\u00e9 gr\u00e2ce \u00e0 notre syst\u00e8me de recherche semi-automatis\u00e9. Les donn\u00e9es sont ensuite recod\u00e9es \u00e0 l\u2019aide de centaines de th\u00e8mes et sous-th\u00e8mes et sont classifi\u00e9es selon&hellip;<\/p>\n","protected":false},"author":665,"featured_media":0,"parent":14436,"menu_order":0,"comment_status":"closed","ping_status":"closed","template":"","meta":{"_exactmetrics_skip_tracking":false,"_exactmetrics_sitenote_active":false,"_exactmetrics_sitenote_note":"","_exactmetrics_sitenote_category":0,"footnotes":""},"class_list":["post-14470","page","type-page","status-publish","hentry","entry","no-media"],"_links":{"self":[{"href":"https:\/\/www.covalence.ch\/index.php\/wp-json\/wp\/v2\/pages\/14470","targetHints":{"allow":["GET"]}}],"collection":[{"href":"https:\/\/www.covalence.ch\/index.php\/wp-json\/wp\/v2\/pages"}],"about":[{"href":"https:\/\/www.covalence.ch\/index.php\/wp-json\/wp\/v2\/types\/page"}],"author":[{"embeddable":true,"href":"https:\/\/www.covalence.ch\/index.php\/wp-json\/wp\/v2\/users\/665"}],"replies":[{"embeddable":true,"href":"https:\/\/www.covalence.ch\/index.php\/wp-json\/wp\/v2\/comments?post=14470"}],"version-history":[{"count":5,"href":"https:\/\/www.covalence.ch\/index.php\/wp-json\/wp\/v2\/pages\/14470\/revisions"}],"predecessor-version":[{"id":15136,"href":"https:\/\/www.covalence.ch\/index.php\/wp-json\/wp\/v2\/pages\/14470\/revisions\/15136"}],"up":[{"embeddable":true,"href":"https:\/\/www.covalence.ch\/index.php\/wp-json\/wp\/v2\/pages\/14436"}],"wp:attachment":[{"href":"https:\/\/www.covalence.ch\/index.php\/wp-json\/wp\/v2\/media?parent=14470"}],"curies":[{"name":"wp","href":"https:\/\/api.w.org\/{rel}","templated":true}]}}